 prime factors of z.
3, 7, 131
Let g be ((-8)/1)/((-8)/12*3). Suppose -14*c = g*c - 41040. Suppose -12*n = -2*n - c. List the prime factors of n.
2, 3, 19
Let l(j) be the first derivative of 8*j**2 - 87*j - 20. List the prime factors of l(27).
3, 5, 23
Let u(x) = 6*x**2 + 4*x + 295. List the prime factors of u(-46).
3, 1423
Suppose 545*c + 990327 = 612*c. What are the prime factors of c?
3, 13, 379
Suppose 89*d + 54152 - 436763 = 0. List the prime factors of d.
3, 1433
Let t be (0*((-8)/2)/(-4))/(-1). Suppose 42*s - 40*s = t. Suppose s*w + 5*w = 410. List the prime factors of w.
2, 41
Let o be (-1)/(-3) - ((-9132)/(-18) + -8). Let s = 845 + o. What are the prime factors of s?
2, 173
Let f be (-12)/(-20)*60/18. Suppose -w + 397 = -4*g, 0 = f*g - 4*g - 6. What are the prime factors of w?
5, 7, 11
Suppose 11*n - 34*n + 18*n = -42440. List the prime factors of n.
2, 1061
Let s(t) = -16*t + 1. Suppose 51*z = 48*z + 126. Suppose -5*l - z + 14 = -2*d, -l = 4*d - 12. What are the prime factors of s(l)?
5, 13
Let n = 3876 + -1219. What are the prime factors of n?
2657
Let l = -3 - -102. Suppose m - l = 159. What are the prime factors of m?
2, 3, 43
Let w(c) = -3*c**2 - 52*c - 51. Suppose 179 + 286 = -31*h. List the prime factors of w(h).
2, 3
Let k(v) = -v**2 + 16*v - 5. Let d be k(15). Let g be ((-122)/(-4))/(-6 + 65/d). Suppose -n + g = -68. List the prime factors of n.
3, 43
Let f(a) = 2564*a**3 - 11*a**2 + 19*a - 35. What are the prime factors of f(2)?
11, 1861
What are the prime factors of 36405 - (-43 + 8 - -18)?
2, 18211
Suppose 9656 + 25300 = 9*t. What are the prime factors of t?
2, 971
Suppose 551*u = 839*u - 9995904. List the prime factors of u.
2, 8677
Let m(l) = l**3 - l**2 - 3*l - 5. Let j be m(3). Suppose -3*p - j*g = -6*g - 1872, -4*g = -12. What are the prime factors of p?
2, 313
Let o(g) = -g. Suppose 19 = 8*j + 3. Let s be o(j). What are the prime factors of 0 - s - (-45 + -2 + 0)?
7
Let s = -25 - -27. Let r(l) = -17*l - 6*l + s - 2. What are the prime factors of r(-5)?
5, 23
Suppose -3*o + 5626 = 1504. Suppose 2*a + 2*a - 4*i + 88 = 0, -a = i + 30. List the prime factors of 30/195 - o/a.
53
Let s = 356 - 353. Suppose -s*n = 10*u - 7*u - 2433, -5*u = -n - 4073. What are the prime factors of u?
2, 11, 37
Let w be (-1 - 5) + (-543 - -20). Let n = 499 - w. List the prime factors of n.
2, 257
Let o(m) = -47*m - 2834. List the prime factors of o(-82).
2, 3, 5, 17
Let g be (2*10/(-4))/(-1) + -1. What are the prime factors of ((-206 + 2)/g)/((-1)/6)?
2, 3, 17
Let y be 15*((-54)/10 + 5). Let l be -5 + 8 - 3*y/(-9). List the prime factors of l*((-172)/6)/((-2)/3).
43
Let h(d) = 3*d**2 - 9*d + 3. Let r be h(-7). Let v = r - 103. Suppose 4*q + 2*g = 2*q + v, 5*g = -2*q + 95. List the prime factors of q.
2, 3, 5
Let a = 35630 - 23241. List the prime factors of a.
13, 953
Suppose 32*w = 36*w - 44. Suppose 32 = -w*j - 34. What are the prime factors of ((-66)/(-8))/(j/(-112))?
2, 7, 11
Let x(r) = 110*r**2 - 3*r - 111. List the prime factors of x(-6).
3, 1289
Let z = -3755 + 9217. List the prime factors of z.
2, 2731
Suppose -6*z - 3570 = -273984. List the prime factors of z.
3, 83, 181
Suppose 0 = -5*j + d + 43, -2*j + 36 = j - 4*d. Let w be (j*(-3 + 2))/(-2). Suppose 0*s - 528 = -w*s. List the prime factors of s.
2, 3, 11
Let a be (-1)/((-6)/12) - (2 - 2). Suppose -5*u = 4*t + 1551, 6*t + 1530 = 2*t + a*u. What are the prime factors of -3 - t/(2 + 1)?
5
Let u be 9/(-6) - 365/2. List the prime factors of (-2)/4*-10 - u.
3, 7
Let a = -369 - -363. List the prime factors of ((-20)/a)/((-3)/756*-4).
2, 3, 5, 7
Let p = 484 + -465. Suppose 0 = -p*x - 80 + 289. What are the prime factors of x?
11
Suppose -7*t = -27*t + 15020. Suppose 0 = -5*m + 2351 - t. What are the prime factors of m?
2, 5
Let i = 1966 + -1527. List the prime factors of i.
439
Let k(a) = 530*a**3 + 40*a**2 - 126*a + 1. List the prime factors of k(3).
14293
Suppose 0 = -l + 5*x - 116, 27*l + 480 = 23*l + 4*x. Let z = 218 + l. List the prime factors of z.
97
Suppose 23*x - 328 = 201. Suppose x*w + 7735 = 36*w. What are the prime factors of w?
5, 7, 17
Let q = 205 + -256. List the prime factors of (-6 + q/(-9))*-1908.
2, 3, 53
Suppose -6*b + 2*b - q + 3735 = 0, -2*b = -5*q - 1873. Let s = b + -482. List the prime factors of s.
2, 113
Let u(b) = -b**2 - 7*b - 6. Let p be u(-5). Suppose 2*w = -w - 9, 20 = p*v - 4*w. Suppose 6*c = v*c + 120. List the prime factors of c.
2, 3, 5
Let a(q) = 4*q**3 + 41*q**2 + 71*q - 826. List the prime factors of a(12).
2, 6421
Let j(g) = -119*g - 8950. List the prime factors of j(-110).
2, 3, 5, 23
Let q = 2771 + -2547. List the prime factors of q.
2, 7
List the prime factors of 22 + (-88)/(-22) + 37850.
2, 17, 557
Suppose 21*z - 413 - 469 = 0. Suppose z*o + 7978 - 50314 = 0. What are the prime factors of o?
2, 3, 7
Let l(s) = 6*s**2 - 92*s - 66. What are the prime factors of l(46)?
2, 13, 17, 19
What are the prime factors of (-17 - -18)*12367 - -15?
2, 41, 151
Suppose -4*f = 2*u + 18, 3*f + 5*u + 9 = 2*f. What are the prime factors of (-12)/f + (9*33)/1?
2, 3, 5
Let g be -4*5*(-2)/8. Suppose g*d - 2*k = -k - 89, -88 = 5*d - 2*k. Let n = d + 21. What are the prime factors of n?
3
Let s(t) = -75*t + 2034. What are the prime factors of s(-30)?
2, 3, 7, 17
Suppose 3*b + 5*s - 49919 = 0, -4*b + 1705 + 64882 = s. What are the prime factors of b?
2, 2081
Let a = 2399 - 1296. Suppose 3*m - 4*i - a = 0, m + 4*i = 428 - 87. What are the prime factors of m?
19
Suppose -4*m + 5 = m. Let d(a) = 8*a - 25. Let f be d(3). List the prime factors of m + 4 + 3 + f.
7
Let d(l) = 8*l - 41. Let s be d(6). Let h(i) = -4*i - 12 + 5 + s + 8*i**2 + 9. What are the prime factors of h(3)?
3, 23
Let r be ((-2)/(-5)*(3420 + 35))/1. Suppose 2*v = -2*x + r, 2*x - 630 = -5*v + 755. List the prime factors of x.
2, 3, 5, 23
Let n = 23265 + -15523. What are the prime factors of n?
2, 7, 79
Let i(m) = 4*m**2 + 83*m - 58. What are the prime factors of i(45)?
11777
Suppose 3*o - 56 = -o. Let k be 170/(3 - -7) + 0. Suppose k*p - o*p = 252. List the prime factors of p.
2, 3, 7
Suppose 23*t - 2892 = 20*t + 3*f, 4*f - 16 = 0. Let b = t - -194. What are the prime factors of b?
2, 7, 83
Let q = 106 - 110. List the prime factors of 334*(q + 5)*1.
2, 167
Suppose -18*b + 1158 = -12*b. Let o = b - 18. What are the prime factors of o?
5, 7
Suppose -8*o + 11*o - 109490 = 2*c, -2*o + 73002 = 3*c. List the prime factors of o.
2, 3, 7, 11, 79
Let d = -1732 + 4744. Suppose -45*q = -2*g - 42*q + d, -2*g = 3*q - 3036. What are the prime factors of g?
2, 3, 7
Let s = -3958 + 2823. Let w = -405 - s. What are the prime factors of w?
2, 5, 73
Let i(x) be the third derivative of -x**6/120 + x**5/4 + 41*x**4/24 + 7*x**3/3 - 13*x**2 - 4*x. List the prime factors of i(10).
2, 3, 7, 11
Let m(a) = a**3 - a**2 - 1. Let z(g) = -5*g**3 - 6*g**3 - 15*g**2 - 9*g**3 + 23*g**3 - 9*g + 12. Let j(x) = 2*m(x) - z(x). List the prime factors of j(5).
3, 7, 11
What are the prime factors of -8 - (4 - (5932 - (-5 - 0)))?
3, 5, 79
Let x be 40/180 + 5126/18. Let v = x + 1269. What are the prime factors of v?
2, 3, 7, 37
Let u = 756 + -755. List the prime factors of (-9 + 123/15)*(-2084 - u).
2, 3, 139
Let q = 313 + -262. Suppose 309 - 69 = -5*r. Let a = r + q. List the prime factors of a.
3
Let v(l) = 2*l**2 - l + 3. Let w be v(-2). Let g be w - -261 - (-8)/(-2). Suppose -5*c - 5*n + g = 0, n + 0*n - 104 = -2*c. List the prime factors of c.
2, 5
Let z be (-8)/(-6)*(-21)/(-7). Suppose 43*q = 77*q + 3400. List the prime factors of (2 - 118/z)*840/q.
3, 7, 11
Let h(o) = 5*o**3 - 4*o**2 - 12*o - 13. Let y be h(-7). Let j be (-2 - (-7)/2)/(30/y). What are the prime factors of 51/34*j/(-3)?
2, 23
Let b be (-48)/14*13860/(-66). Let l = -300 + b. List the prime factors of l.
2, 3, 5, 7
Let b(n) = -198*n - 128. Let c(l) = l**2 + 8*l - 53. Let p be c(4). What are the prime factors of b(p)?
2, 431
Let v(q) = -4*q**2 + 7*q - 9. Let y be v(2). What are the prime factors of 7 - (6 + 154*y)?
3, 5, 113
What are the prime factors of (5159 - 1)/(-2)*(9 + -17)?
2, 2579
What are the prime factors of -9*((-596988)/368 - (-1 - (-14)/8))?
3, 541
Let n = -77 - -81. Suppose -14 = f - n*x, -2*f - 3 + 35 = 4*x. Let g = 170 - f. What are the prime factors of g?
2, 